CRAN Package Check Results for Package abd

Last updated on 2019-04-13 01:57:52 CEST.

Flavor Version Tinstall Tcheck Ttotal Status Flags
r-devel-linux-x86_64-debian-clang 0.2-8 11.62 100.26 111.88 OK
r-devel-linux-x86_64-debian-gcc 0.2-8 10.87 78.12 88.99 OK
r-devel-linux-x86_64-fedora-clang 0.2-8 129.74 OK
r-devel-linux-x86_64-fedora-gcc 0.2-8 127.03 OK
r-devel-windows-ix86+x86_64 0.2-8 31.00 150.00 181.00 OK
r-patched-linux-x86_64 0.2-8 12.76 96.42 109.18 OK
r-patched-solaris-x86 0.2-8 202.40 OK
r-release-linux-x86_64 0.2-8 7.73 95.40 103.13 OK
r-release-windows-ix86+x86_64 0.2-8 35.00 175.00 210.00 OK
r-release-osx-x86_64 0.2-8 OK
r-oldrel-windows-ix86+x86_64 0.2-8 18.00 107.00 125.00 OK
r-oldrel-osx-x86_64 0.2-8 NOTE

Check Details

Version: 0.2-8
Check: package dependencies
Result: NOTE
    Package suggested but not available for checking: ‘HH’
Flavor: r-oldrel-osx-x86_64