Last updated on 2019-04-13 01:57:52 CEST.
Flavor | Version | Tinstall | Tcheck | Ttotal | Status | Flags |
---|---|---|---|---|---|---|
r-devel-linux-x86_64-debian-clang | 1.7-13 | 44.81 | 286.45 | 331.26 | OK | |
r-devel-linux-x86_64-debian-gcc | 1.7-13 | 30.88 | 219.61 | 250.49 | OK | |
r-devel-linux-x86_64-fedora-clang | 1.7-13 | 380.68 | NOTE | |||
r-devel-linux-x86_64-fedora-gcc | 1.7-13 | 373.72 | OK | |||
r-devel-windows-ix86+x86_64 | 1.7-13 | 95.00 | 596.00 | 691.00 | NOTE | |
r-patched-linux-x86_64 | 1.7-13 | 39.31 | 285.44 | 324.75 | OK | |
r-patched-solaris-x86 | 1.7-13 | 495.30 | NOTE | |||
r-release-linux-x86_64 | 1.7-13 | 37.19 | 245.96 | 283.15 | OK | |
r-release-windows-ix86+x86_64 | 1.7-13 | 78.00 | 306.00 | 384.00 | NOTE | |
r-release-osx-x86_64 | 1.7-13 | NOTE | ||||
r-oldrel-windows-ix86+x86_64 | 1.7-13 | 36.00 | 319.00 | 355.00 | NOTE | |
r-oldrel-osx-x86_64 | 1.7-13 | NOTE |
Version: 1.7-13
Check: installed package size
Result: NOTE
installed size is 7.7Mb
sub-directories of 1Mb or more:
R 1.4Mb
data 2.8Mb
pictures 2.1Mb
Flavors: r-devel-linux-x86_64-fedora-clang, r-devel-windows-ix86+x86_64, r-patched-solaris-x86, r-release-windows-ix86+x86_64, r-release-osx-x86_64, r-oldrel-windows-ix86+x86_64, r-oldrel-osx-x86_64