Last updated on 2019-04-13 01:57:52 CEST.
Flavor | Version | Tinstall | Tcheck | Ttotal | Status | Flags |
---|---|---|---|---|---|---|
r-devel-linux-x86_64-debian-clang | 0.2.9 | 24.85 | 60.65 | 85.50 | OK | |
r-devel-linux-x86_64-debian-gcc | 0.2.9 | 24.65 | 51.03 | 75.68 | OK | |
r-devel-linux-x86_64-fedora-clang | 0.2.9 | 109.94 | NOTE | |||
r-devel-linux-x86_64-fedora-gcc | 0.2.9 | 111.74 | OK | |||
r-devel-windows-ix86+x86_64 | 0.2.9 | 44.00 | 65.00 | 109.00 | NOTE | |
r-patched-linux-x86_64 | 0.2.9 | 22.65 | 61.75 | 84.40 | OK | |
r-patched-solaris-x86 | 0.2.9 | 205.90 | NOTE | |||
r-release-linux-x86_64 | 0.2.9 | 22.39 | 60.25 | 82.64 | OK | |
r-release-windows-ix86+x86_64 | 0.2.9 | 34.00 | 89.00 | 123.00 | NOTE | |
r-release-osx-x86_64 | 0.2.9 | NOTE | ||||
r-oldrel-windows-ix86+x86_64 | 0.2.9 | 28.00 | 63.00 | 91.00 | NOTE | |
r-oldrel-osx-x86_64 | 0.2.9 | NOTE |
Version: 0.2.9
Check: installed package size
Result: NOTE
installed size is 15.8Mb
sub-directories of 1Mb or more:
data 15.6Mb
Flavors: r-devel-linux-x86_64-fedora-clang, r-devel-windows-ix86+x86_64, r-patched-solaris-x86, r-release-windows-ix86+x86_64, r-release-osx-x86_64, r-oldrel-windows-ix86+x86_64, r-oldrel-osx-x86_64