Last updated on 2019-04-13 01:57:52 CEST.
Flavor | Version | Tinstall | Tcheck | Ttotal | Status | Flags |
---|---|---|---|---|---|---|
r-devel-linux-x86_64-debian-clang | 1.0.0 | 3.77 | 34.45 | 38.22 | NOTE | |
r-devel-linux-x86_64-debian-gcc | 1.0.0 | 3.16 | 28.82 | 31.98 | NOTE | |
r-devel-linux-x86_64-fedora-clang | 1.0.0 | 45.36 | NOTE | |||
r-devel-linux-x86_64-fedora-gcc | 1.0.0 | 45.52 | NOTE | |||
r-devel-windows-ix86+x86_64 | 1.0.0 | 9.00 | 68.00 | 77.00 | NOTE | |
r-patched-linux-x86_64 | 1.0.0 | 3.81 | 34.31 | 38.12 | NOTE | |
r-patched-solaris-x86 | 1.0.0 | 80.90 | NOTE | |||
r-release-linux-x86_64 | 1.0.0 | 2.57 | 31.99 | 34.56 | NOTE | |
r-release-windows-ix86+x86_64 | 1.0.0 | 8.00 | 70.00 | 78.00 | NOTE | |
r-release-osx-x86_64 | 1.0.0 | NOTE | ||||
r-oldrel-windows-ix86+x86_64 | 1.0.0 | 5.00 | 44.00 | 49.00 | NOTE | |
r-oldrel-osx-x86_64 | 1.0.0 | NOTE |
Version: 1.0.0
Check: DESCRIPTION meta-information
Result: NOTE
Malformed Title field: should not end in a period.
Flavors: r-devel-linux-x86_64-debian-clang, r-devel-linux-x86_64-debian-gcc, r-devel-linux-x86_64-fedora-clang, r-devel-linux-x86_64-fedora-gcc, r-devel-windows-ix86+x86_64, r-patched-linux-x86_64, r-patched-solaris-x86, r-release-linux-x86_64, r-release-windows-ix86+x86_64, r-release-osx-x86_64, r-oldrel-windows-ix86+x86_64, r-oldrel-osx-x86_64