CRAN Package Check Results for Package apollo

Last updated on 2019-04-13 01:57:52 CEST.

Flavor Version Tinstall Tcheck Ttotal Status Flags
r-devel-linux-x86_64-debian-clang 0.0.6 46.77 137.69 184.46 NOTE
r-devel-linux-x86_64-debian-gcc 0.0.6 39.54 109.68 149.22 NOTE
r-devel-linux-x86_64-fedora-clang 0.0.6 247.92 OK
r-devel-linux-x86_64-fedora-gcc 0.0.6 237.72 OK
r-devel-windows-ix86+x86_64 0.0.6 89.00 524.00 613.00 OK
r-patched-linux-x86_64 0.0.6 48.17 139.07 187.24 NOTE
r-patched-solaris-x86 0.0.6 1045.50 OK
r-release-linux-x86_64 0.0.6 41.28 133.83 175.11 NOTE
r-release-windows-ix86+x86_64 0.0.6 115.00 518.00 633.00 OK
r-release-osx-x86_64 0.0.6 OK
r-oldrel-windows-ix86+x86_64 0.0.6 71.00 450.00 521.00 OK
r-oldrel-osx-x86_64 0.0.6 OK

Check Details

Version: 0.0.6
Check: R code for possible problems
Result: NOTE
    Found the following calls to attach():
    File 'apollo/R/apollo_attach.R':
     attach(as.list(apollo_beta))
     attach(database)
     attach(draws)
     attach(randcoeff)
     attach(lcpars)
    See section 'Good practice' in '?attach'.
Flavors: r-devel-linux-x86_64-debian-clang, r-devel-linux-x86_64-debian-gcc, r-patched-linux-x86_64, r-release-linux-x86_64