CRAN Package Check Results for Package apt

Last updated on 2019-04-13 01:57:52 CEST.

Flavor Version Tinstall Tcheck Ttotal Status Flags
r-devel-linux-x86_64-debian-clang 2.5 11.71 102.98 114.69 NOTE
r-devel-linux-x86_64-debian-gcc 2.5 10.42 80.61 91.03 OK
r-devel-linux-x86_64-fedora-clang 2.5 134.43 OK
r-devel-linux-x86_64-fedora-gcc 2.5 130.44 OK
r-devel-windows-ix86+x86_64 2.5 28.00 159.00 187.00 OK
r-patched-linux-x86_64 2.5 12.89 99.06 111.95 OK
r-patched-solaris-x86 2.5 216.60 OK
r-release-linux-x86_64 2.5 7.81 97.68 105.49 OK
r-release-windows-ix86+x86_64 2.5 23.00 159.00 182.00 OK
r-release-osx-x86_64 2.5 NOTE
r-oldrel-windows-ix86+x86_64 2.5 17.00 105.00 122.00 OK
r-oldrel-osx-x86_64 2.5 NOTE

Check Details

Version: 2.5
Check: package dependencies
Result: NOTE
    Package suggested but not available for checking: 'gWidgetsRGtk2'
Flavor: r-devel-linux-x86_64-debian-clang

Version: 2.5
Check: package dependencies
Result: NOTE
    Packages suggested but not available for checking:
     ‘RGtk2’ ‘gWidgetsRGtk2’ ‘cairoDevice’
Flavors: r-release-osx-x86_64, r-oldrel-osx-x86_64

Version: 2.5
Check: re-building of vignette outputs
Result: NOTE
    Error in re-building vignettes:
     ...
    Loading required package: zoo
    
    Attaching package: ‘zoo’
    
    The following objects are masked from ‘package:base’:
    
     as.Date, as.Date.numeric
    
    Loading required package: gWidgets
    Error in texi2dvi(file = file, pdf = TRUE, clean = clean, quiet = quiet, :
     Running 'texi2dvi' on 'apt.tex' failed.
    LaTeX errors:
    ! LaTeX Error: File `a4wide.sty' not found.
    
    Type X to quit or <RETURN> to proceed,
    or enter new name. (Default extension: sty)
    
    ! Emergency stop.
    <read *>
    
    l.10 \usepackage
     [pdftex]{graphicx}^^M
    ! ==> Fatal error occurred, no output PDF file produced!
    Calls: buildVignettes -> texi2pdf -> texi2dvi
    Execution halted
Flavor: r-oldrel-osx-x86_64