CRAN Package Check Results for Package bayesTFR

Last updated on 2019-04-13 01:57:53 CEST.

Flavor Version Tinstall Tcheck Ttotal Status Flags
r-devel-linux-x86_64-debian-clang 6.2-0 11.65 72.05 83.70 OK
r-devel-linux-x86_64-debian-gcc 6.2-0 11.24 59.42 70.66 OK
r-devel-linux-x86_64-fedora-clang 6.2-0 80.76 NOTE
r-devel-linux-x86_64-fedora-gcc 6.2-0 102.22 OK
r-devel-windows-ix86+x86_64 6.2-0 44.00 157.00 201.00 OK
r-patched-linux-x86_64 6.2-0 15.81 70.17 85.98 OK
r-patched-solaris-x86 6.2-0 143.50 OK
r-release-linux-x86_64 6.2-0 9.41 65.50 74.91 OK
r-release-windows-ix86+x86_64 6.2-0 45.00 97.00 142.00 OK
r-release-osx-x86_64 6.2-0 NOTE
r-oldrel-windows-ix86+x86_64 6.2-0 19.00 106.00 125.00 OK
r-oldrel-osx-x86_64 6.2-0 NOTE

Check Details

Version: 6.2-0
Check: installed package size
Result: NOTE
     installed size is 6.1Mb
     sub-directories of 1Mb or more:
     ex-data 4.7Mb
Flavors: r-devel-linux-x86_64-fedora-clang, r-release-osx-x86_64, r-oldrel-osx-x86_64