Last updated on 2019-04-13 01:57:53 CEST.
Flavor | Version | Tinstall | Tcheck | Ttotal | Status | Flags |
---|---|---|---|---|---|---|
r-devel-linux-x86_64-debian-clang | 0.1.2 | 378.28 | 169.98 | 548.26 | NOTE | |
r-devel-linux-x86_64-debian-gcc | 0.1.2 | 369.72 | 140.27 | 509.99 | NOTE | |
r-devel-linux-x86_64-fedora-clang | 0.1.2 | 619.94 | NOTE | |||
r-devel-linux-x86_64-fedora-gcc | 0.1.2 | 606.18 | NOTE | |||
r-devel-windows-ix86+x86_64 | 0.1.2 | 882.00 | 296.00 | 1178.00 | NOTE | |
r-patched-linux-x86_64 | 0.1.2 | 413.69 | 171.47 | 585.16 | NOTE | |
r-patched-solaris-x86 | 0.1.2 | 771.80 | NOTE | |||
r-release-linux-x86_64 | 0.1.2 | 398.90 | 164.47 | 563.37 | NOTE | |
r-release-windows-ix86+x86_64 | 0.1.2 | 870.00 | 362.00 | 1232.00 | NOTE | |
r-release-osx-x86_64 | 0.1.2 | NOTE | ||||
r-oldrel-windows-ix86+x86_64 | 0.1.2 | 645.00 | 301.00 | 946.00 | NOTE | |
r-oldrel-osx-x86_64 | 0.1.2 | NOTE |
Version: 0.1.2
Check: for GNU extensions in Makefiles
Result: NOTE
GNU make is a SystemRequirements.
Flavors: r-devel-linux-x86_64-debian-clang, r-devel-linux-x86_64-debian-gcc, r-devel-linux-x86_64-fedora-clang, r-devel-linux-x86_64-fedora-gcc, r-devel-windows-ix86+x86_64, r-patched-linux-x86_64, r-patched-solaris-x86, r-release-linux-x86_64, r-release-windows-ix86+x86_64, r-release-osx-x86_64, r-oldrel-windows-ix86+x86_64, r-oldrel-osx-x86_64
Version: 0.1.2
Check: installed package size
Result: NOTE
installed size is 62.8Mb
sub-directories of 1Mb or more:
libs 62.1Mb
Flavors: r-devel-linux-x86_64-fedora-clang, r-devel-windows-ix86+x86_64, r-patched-solaris-x86, r-release-windows-ix86+x86_64, r-release-osx-x86_64, r-oldrel-windows-ix86+x86_64, r-oldrel-osx-x86_64