CRAN Package Check Results for Package bdchecks

Last updated on 2019-04-13 01:57:54 CEST.

Flavor Version Tinstall Tcheck Ttotal Status Flags
r-devel-linux-x86_64-debian-clang 0.1.7 10.99 92.96 103.95 OK
r-devel-linux-x86_64-debian-gcc 0.1.7 9.27 72.80 82.07 OK
r-devel-linux-x86_64-fedora-clang 0.1.7 121.35 NOTE
r-devel-linux-x86_64-fedora-gcc 0.1.7 115.99 NOTE
r-devel-windows-ix86+x86_64 0.1.7 25.00 106.00 131.00 OK
r-patched-linux-x86_64 0.1.7 10.80 90.42 101.22 OK
r-patched-solaris-x86 0.1.7 208.70 NOTE
r-release-linux-x86_64 0.1.7 8.71 87.81 96.52 OK
r-release-windows-ix86+x86_64 0.1.7 21.00 145.00 166.00 OK
r-release-osx-x86_64 0.1.7 NOTE
r-oldrel-windows-ix86+x86_64 0.1.7 20.00 105.00 125.00 OK
r-oldrel-osx-x86_64 0.1.7 NOTE

Check Details

Version: 0.1.7
Check: data for non-ASCII characters
Result: NOTE
     Note: found 72 marked UTF-8 strings
Flavors: r-devel-linux-x86_64-fedora-clang, r-devel-linux-x86_64-fedora-gcc, r-patched-solaris-x86, r-release-osx-x86_64, r-oldrel-osx-x86_64