CRAN Package Check Results for Package biofiles

Last updated on 2019-04-13 01:57:54 CEST.

Flavor Version Tinstall Tcheck Ttotal Status Flags
r-devel-linux-x86_64-debian-clang 1.0.0 49.66 127.21 176.87 OK
r-devel-linux-x86_64-debian-gcc 1.0.0 41.88 98.60 140.48 OK
r-devel-linux-x86_64-fedora-clang 1.0.0 220.60 OK
r-devel-linux-x86_64-fedora-gcc 1.0.0 215.69 OK
r-devel-windows-ix86+x86_64 1.0.0 135.00 268.00 403.00 OK
r-patched-linux-x86_64 1.0.0 51.96 124.03 175.99 OK
r-patched-solaris-x86 1.0.0 283.30 OK
r-release-linux-x86_64 1.0.0 49.76 121.73 171.49 NOTE
r-release-windows-ix86+x86_64 1.0.0 123.00 242.00 365.00 OK
r-release-osx-x86_64 1.0.0 ERROR
r-oldrel-windows-ix86+x86_64 1.0.0 77.00 171.00 248.00 OK
r-oldrel-osx-x86_64 1.0.0 ERROR

Check Details

Version: 1.0.0
Check: DESCRIPTION meta-information
Result: NOTE
    Dependence on R version ‘3.3.1’ not with patchlevel 0
Flavor: r-release-linux-x86_64

Version: 1.0.0
Check: package dependencies
Result: NOTE
    Package suggested but not available for checking: ‘BiocStyle’
Flavors: r-release-osx-x86_64, r-oldrel-osx-x86_64

Version: 1.0.0
Check: tests
Result: ERROR
     Running ‘test-all.R’ [9s/13s]
    Running the tests in ‘tests/test-all.R’ failed.
    Last 13 lines of output:
     ── 5. Failure: Location descriptors parse correctly (@test-01-gbLocation.r#17)
     `gbLocation("123^125")` threw an error with unexpected message.
     Expected match: "Inadmissible range"
     Actual message: "c++ exception (unknown reason)"
    
     ══ testthat results ═══════════════════════════════════════════════════════════
     OK: 267 SKIPPED: 1 FAILED: 5
     1. Failure: Location descriptors parse correctly (@test-01-gbLocation.r#6)
     2. Failure: Location descriptors parse correctly (@test-01-gbLocation.r#9)
     3. Failure: Location descriptors parse correctly (@test-01-gbLocation.r#13)
     4. Failure: Location descriptors parse correctly (@test-01-gbLocation.r#14)
     5. Failure: Location descriptors parse correctly (@test-01-gbLocation.r#17)
    
     Error: testthat unit tests failed
     Execution halted
Flavor: r-release-osx-x86_64

Version: 1.0.0
Check: re-building of vignette outputs
Result: WARN
    Error in re-building vignettes:
     ...
    Quitting from lines 10-11 (IntroBiofiles.Rnw)
    Error: processing vignette 'IntroBiofiles.Rnw' failed with diagnostics:
    there is no package called 'BiocStyle'
    Execution halted
Flavors: r-release-osx-x86_64, r-oldrel-osx-x86_64

Version: 1.0.0
Check: tests
Result: ERROR
     Running ‘test-all.R’ [7s/7s]
    Running the tests in ‘tests/test-all.R’ failed.
    Last 13 lines of output:
     ── 5. Failure: Location descriptors parse correctly (@test-01-gbLocation.r#17)
     `gbLocation("123^125")` threw an error with unexpected message.
     Expected match: "Inadmissible range"
     Actual message: "c++ exception (unknown reason)"
    
     ══ testthat results ═══════════════════════════════════════════════════════════
     OK: 267 SKIPPED: 1 FAILED: 5
     1. Failure: Location descriptors parse correctly (@test-01-gbLocation.r#6)
     2. Failure: Location descriptors parse correctly (@test-01-gbLocation.r#9)
     3. Failure: Location descriptors parse correctly (@test-01-gbLocation.r#13)
     4. Failure: Location descriptors parse correctly (@test-01-gbLocation.r#14)
     5. Failure: Location descriptors parse correctly (@test-01-gbLocation.r#17)
    
     Error: testthat unit tests failed
     Execution halted
Flavor: r-oldrel-osx-x86_64