CRAN Package Check Results for Package biomartr

Last updated on 2019-04-13 01:57:54 CEST.

Flavor Version Tinstall Tcheck Ttotal Status Flags
r-devel-linux-x86_64-debian-clang 0.8.0 18.78 172.82 191.60 OK
r-devel-linux-x86_64-debian-gcc 0.8.0 18.23 136.54 154.77 OK
r-devel-linux-x86_64-fedora-clang 0.8.0 227.78 OK
r-devel-linux-x86_64-fedora-gcc 0.8.0 220.20 OK
r-devel-windows-ix86+x86_64 0.8.0 51.00 222.00 273.00 OK
r-patched-linux-x86_64 0.8.0 22.40 170.76 193.16 OK
r-patched-solaris-x86 0.8.0 288.00 OK
r-release-linux-x86_64 0.8.0 14.88 161.34 176.22 ERROR
r-release-windows-ix86+x86_64 0.8.0 37.00 257.00 294.00 OK
r-release-osx-x86_64 0.8.0 OK
r-oldrel-windows-ix86+x86_64 0.8.0 16.00 182.00 198.00 OK
r-oldrel-osx-x86_64 0.8.0 OK

Check Details

Version: 0.8.0
Check: examples
Result: ERROR
    Running examples in ‘biomartr-Ex.R’ failed
    The error most likely occurred in:
    
    > base::assign(".ptime", proc.time(), pos = "CheckExEnv")
    > ### Name: getFilters
    > ### Title: Retrieve All Available Filters for a Specific Dataset
    > ### Aliases: getFilters
    >
    > ### ** Examples
    >
    > # search for available datasets
    > # getMarts()
    > # choose database (mart): "ENSEMBL_MART_ENSEMBL"
    > # head(getDatasets(mart = "ENSEMBL_MART_ENSEMBL"), 10)
    > # choose dataset: "hsapiens_gene_ensembl"
    > head(getFilters(mart = "ENSEMBL_MART_ENSEMBL",
    + dataset = "hsapiens_gene_ensembl") , 5)
    Error in getFilters(mart = "ENSEMBL_MART_ENSEMBL", dataset = "hsapiens_gene_ensembl") :
     Internal Server Error (HTTP 500).
    Calls: head -> getFilters -> <Anonymous>
    Execution halted
Flavor: r-release-linux-x86_64