Last updated on 2019-04-13 01:57:54 CEST.
Flavor | Version | Tinstall | Tcheck | Ttotal | Status | Flags |
---|---|---|---|---|---|---|
r-devel-linux-x86_64-debian-clang | 3.3-7.1 | 32.78 | 206.47 | 239.25 | NOTE | |
r-devel-linux-x86_64-debian-gcc | 3.3-7.1 | 27.71 | 156.74 | 184.45 | NOTE | |
r-devel-linux-x86_64-fedora-clang | 3.3-7.1 | 293.79 | NOTE | |||
r-devel-linux-x86_64-fedora-gcc | 3.3-7.1 | 281.43 | NOTE | |||
r-devel-windows-ix86+x86_64 | 3.3-7.1 | 74.00 | 211.00 | 285.00 | OK | |
r-patched-linux-x86_64 | 3.3-7.1 | 33.49 | 199.54 | 233.03 | NOTE | |
r-patched-solaris-x86 | 3.3-7.1 | 393.30 | NOTE | |||
r-release-linux-x86_64 | 3.3-7.1 | 24.18 | 196.26 | 220.44 | NOTE | |
r-release-windows-ix86+x86_64 | 3.3-7.1 | 56.00 | 261.00 | 317.00 | OK | |
r-release-osx-x86_64 | 3.3-7.1 | OK | ||||
r-oldrel-windows-ix86+x86_64 | 3.3-7.1 | 19.00 | 198.00 | 217.00 | OK | |
r-oldrel-osx-x86_64 | 3.3-7.1 | OK |
Version: 3.3-7.1
Check: package dependencies
Result: NOTE
Package suggested but not available for checking: 'maxent'
Flavors: r-devel-linux-x86_64-debian-clang, r-devel-linux-x86_64-debian-gcc, r-devel-linux-x86_64-fedora-clang, r-devel-linux-x86_64-fedora-gcc, r-patched-linux-x86_64, r-patched-solaris-x86, r-release-linux-x86_64