CRAN Package Check Results for Package bipartite

Last updated on 2019-04-13 01:57:54 CEST.

Flavor Version Tinstall Tcheck Ttotal Status Flags
r-devel-linux-x86_64-debian-clang 2.11 24.44 130.10 154.54 OK
r-devel-linux-x86_64-debian-gcc 2.11 19.90 99.84 119.74 OK
r-devel-linux-x86_64-fedora-clang 2.11 186.09 OK
r-devel-linux-x86_64-fedora-gcc 2.11 182.76 OK
r-devel-windows-ix86+x86_64 2.11 59.00 249.00 308.00 NOTE
r-patched-linux-x86_64 2.11 21.41 127.46 148.87 OK
r-patched-solaris-x86 2.11 245.50 OK
r-release-linux-x86_64 2.11 19.35 123.05 142.40 OK
r-release-windows-ix86+x86_64 2.11 49.00 208.00 257.00 NOTE
r-release-osx-x86_64 2.11 OK
r-oldrel-windows-ix86+x86_64 2.11 29.00 145.00 174.00 NOTE
r-oldrel-osx-x86_64 2.11 OK

Check Details

Version: 2.11
Check: installed package size
Result: NOTE
     installed size is 5.0Mb
     sub-directories of 1Mb or more:
     doc 2.7Mb
     libs 1.5Mb
Flavors: r-devel-windows-ix86+x86_64, r-release-windows-ix86+x86_64, r-oldrel-windows-ix86+x86_64