CRAN Package Check Results for Package bliss

Last updated on 2019-04-13 01:57:54 CEST.

Flavor Version Tinstall Tcheck Ttotal Status Flags
r-devel-linux-x86_64-debian-clang 1.0.0 46.62 173.63 220.25 OK
r-devel-linux-x86_64-debian-gcc 1.0.0 33.83 142.00 175.83 OK
r-devel-linux-x86_64-fedora-clang 1.0.0 283.21 NOTE
r-devel-linux-x86_64-fedora-gcc 1.0.0 272.67 NOTE
r-devel-windows-ix86+x86_64 1.0.0 119.00 231.00 350.00 NOTE
r-patched-linux-x86_64 1.0.0 46.27 169.14 215.41 OK
r-patched-solaris-x86 1.0.0 32.50 ERROR
r-release-linux-x86_64 1.0.0 37.74 167.55 205.29 OK
r-release-windows-ix86+x86_64 1.0.0 106.00 281.00 387.00 NOTE
r-release-osx-x86_64 1.0.0 NOTE
r-oldrel-windows-ix86+x86_64 1.0.0 76.00 228.00 304.00 NOTE
r-oldrel-osx-x86_64 1.0.0 NOTE

Additional issues

OpenBLAS

Check Details

Version: 1.0.0
Check: installed package size
Result: NOTE
     installed size is 7.6Mb
     sub-directories of 1Mb or more:
     data 3.5Mb
     libs 3.0Mb
Flavors: r-devel-linux-x86_64-fedora-clang, r-devel-windows-ix86+x86_64, r-release-windows-ix86+x86_64, r-release-osx-x86_64, r-oldrel-windows-ix86+x86_64, r-oldrel-osx-x86_64

Version: 1.0.0
Check: dependencies in R code
Result: NOTE
    Namespaces in Imports field not imported from:
     ‘RColorBrewer’ ‘ggplot2’
     All declared Imports should be used.
Flavors: r-devel-linux-x86_64-fedora-clang, r-devel-linux-x86_64-fedora-gcc, r-release-osx-x86_64, r-oldrel-osx-x86_64

Version: 1.0.0
Check: whether package can be installed
Result: ERROR
    Installation failed.
Flavor: r-patched-solaris-x86