CRAN Package Check Results for Package bnviewer

Last updated on 2019-04-13 01:57:54 CEST.

Flavor Version Tinstall Tcheck Ttotal Status Flags
r-devel-linux-x86_64-debian-clang 0.1.2 1.73 22.09 23.82 OK
r-devel-linux-x86_64-debian-gcc 0.1.2 1.16 17.81 18.97 OK
r-devel-linux-x86_64-fedora-clang 0.1.2 27.63 NOTE
r-devel-linux-x86_64-fedora-gcc 0.1.2 27.78 NOTE
r-devel-windows-ix86+x86_64 0.1.2 5.00 46.00 51.00 OK
r-patched-linux-x86_64 0.1.2 1.68 21.65 23.33 OK
r-patched-solaris-x86 0.1.2 44.40 NOTE
r-release-linux-x86_64 0.1.2 0.88 20.76 21.64 OK
r-release-windows-ix86+x86_64 0.1.2 3.00 46.00 49.00 OK
r-release-osx-x86_64 0.1.2 NOTE
r-oldrel-windows-ix86+x86_64 0.1.2 2.00 37.00 39.00 OK
r-oldrel-osx-x86_64 0.1.2 NOTE

Check Details

Version: 0.1.2
Check: dependencies in R code
Result: NOTE
    Namespace in Imports field not imported from: ‘igraph’
     All declared Imports should be used.
Flavors: r-devel-linux-x86_64-fedora-clang, r-devel-linux-x86_64-fedora-gcc, r-patched-solaris-x86, r-release-osx-x86_64, r-oldrel-osx-x86_64