CRAN Package Check Results for Package bootnet

Last updated on 2019-04-13 01:57:54 CEST.

Flavor Version Tinstall Tcheck Ttotal Status Flags
r-devel-linux-x86_64-debian-clang 1.2 13.40 139.85 153.25 OK
r-devel-linux-x86_64-debian-gcc 1.2 10.81 108.53 119.34 OK
r-devel-linux-x86_64-fedora-clang 1.2 202.32 NOTE
r-devel-linux-x86_64-fedora-gcc 1.2 187.93 NOTE
r-devel-windows-ix86+x86_64 1.2 27.00 162.00 189.00 OK
r-patched-linux-x86_64 1.2 15.41 137.19 152.60 OK
r-patched-solaris-x86 1.2 299.50 NOTE
r-release-linux-x86_64 1.2 10.83 136.13 146.96 OK
r-release-windows-ix86+x86_64 1.2 27.00 257.00 284.00 OK
r-release-osx-x86_64 1.2 NOTE
r-oldrel-windows-ix86+x86_64 1.2 17.00 166.00 183.00 OK
r-oldrel-osx-x86_64 1.2 NOTE

Check Details

Version: 1.2
Check: dependencies in R code
Result: NOTE
    Namespace in Imports field not imported from: ‘psych’
     All declared Imports should be used.
Flavors: r-devel-linux-x86_64-fedora-clang, r-devel-linux-x86_64-fedora-gcc, r-patched-solaris-x86, r-release-osx-x86_64, r-oldrel-osx-x86_64