CRAN Package Check Results for Package brainKCCA

Last updated on 2019-04-13 01:57:55 CEST.

Flavor Version Tinstall Tcheck Ttotal Status Flags
r-devel-linux-x86_64-debian-clang 0.1.0 8.61 58.57 67.18 OK
r-devel-linux-x86_64-debian-gcc 0.1.0 7.60 46.97 54.57 OK
r-devel-linux-x86_64-fedora-clang 0.1.0 80.42 NOTE
r-devel-linux-x86_64-fedora-gcc 0.1.0 82.37 NOTE
r-devel-windows-ix86+x86_64 0.1.0 18.00 106.00 124.00 OK
r-patched-linux-x86_64 0.1.0 9.13 57.83 66.96 OK
r-patched-solaris-x86 0.1.0 123.40 NOTE
r-release-linux-x86_64 0.1.0 5.46 56.34 61.80 OK
r-release-windows-ix86+x86_64 0.1.0 17.00 115.00 132.00 OK
r-release-osx-x86_64 0.1.0 NOTE
r-oldrel-windows-ix86+x86_64 0.1.0 11.00 82.00 93.00 OK
r-oldrel-osx-x86_64 0.1.0 NOTE

Check Details

Version: 0.1.0
Check: dependencies in R code
Result: NOTE
    Namespaces in Imports field not imported from:
     ‘CCA’ ‘brainR’ ‘elasticnet’
     All declared Imports should be used.
Flavors: r-devel-linux-x86_64-fedora-clang, r-devel-linux-x86_64-fedora-gcc, r-patched-solaris-x86, r-release-osx-x86_64, r-oldrel-osx-x86_64