Last updated on 2019-04-13 01:57:55 CEST.
Flavor | Version | Tinstall | Tcheck | Ttotal | Status | Flags |
---|---|---|---|---|---|---|
r-devel-linux-x86_64-debian-clang | 1.3.5 | 61.73 | 57.36 | 119.09 | OK | |
r-devel-linux-x86_64-debian-gcc | 1.3.5 | 64.59 | 45.35 | 109.94 | OK | |
r-devel-linux-x86_64-fedora-clang | 1.3.5 | 163.91 | NOTE | |||
r-devel-linux-x86_64-fedora-gcc | 1.3.5 | 164.78 | OK | |||
r-devel-windows-ix86+x86_64 | 1.3.5 | 140.00 | 136.00 | 276.00 | OK | |
r-patched-linux-x86_64 | 1.3.5 | 73.03 | 58.14 | 131.17 | OK | |
r-patched-solaris-x86 | 1.3.5 | 171.60 | OK | |||
r-release-linux-x86_64 | 1.3.5 | 70.30 | 55.04 | 125.34 | OK | |
r-release-windows-ix86+x86_64 | 1.3.5 | 97.00 | 118.00 | 215.00 | OK | |
r-release-osx-x86_64 | 1.3.5 | NOTE | ||||
r-oldrel-windows-ix86+x86_64 | 1.3.5 | 101.00 | 134.00 | 235.00 | OK | |
r-oldrel-osx-x86_64 | 1.3.5 | NOTE |
Version: 1.3.5
Check: installed package size
Result: NOTE
installed size is 9.0Mb
sub-directories of 1Mb or more:
libs 8.3Mb
Flavors: r-devel-linux-x86_64-fedora-clang, r-release-osx-x86_64, r-oldrel-osx-x86_64