CRAN Package Check Results for Package changepoint

Last updated on 2019-04-13 01:57:55 CEST.

Flavor Version Tinstall Tcheck Ttotal Status Flags
r-devel-linux-x86_64-debian-clang 2.2.2 9.31 128.73 138.04 NOTE
r-devel-linux-x86_64-debian-gcc 2.2.2 8.11 100.06 108.17 NOTE
r-devel-linux-x86_64-fedora-clang 2.2.2 169.50 NOTE
r-devel-linux-x86_64-fedora-gcc 2.2.2 155.19 NOTE
r-devel-windows-ix86+x86_64 2.2.2 25.00 291.00 316.00 NOTE
r-patched-linux-x86_64 2.2.2 8.96 133.17 142.13 NOTE
r-patched-solaris-x86 2.2.2 228.40 NOTE
r-release-linux-x86_64 2.2.2 7.20 134.91 142.11 NOTE
r-release-windows-ix86+x86_64 2.2.2 22.00 283.00 305.00 NOTE
r-release-osx-x86_64 2.2.2 NOTE
r-oldrel-windows-ix86+x86_64 2.2.2 11.00 285.00 296.00 NOTE
r-oldrel-osx-x86_64 2.2.2 NOTE

Check Details

Version: 2.2.2
Check: DESCRIPTION meta-information
Result: NOTE
    BugReports field is not a suitable URL but contains an email address
     which will be used as from R 3.4.0
Flavors: r-devel-linux-x86_64-debian-clang, r-devel-linux-x86_64-debian-gcc, r-devel-linux-x86_64-fedora-clang, r-devel-linux-x86_64-fedora-gcc, r-devel-windows-ix86+x86_64, r-patched-linux-x86_64, r-patched-solaris-x86, r-release-linux-x86_64, r-release-windows-ix86+x86_64, r-release-osx-x86_64, r-oldrel-windows-ix86+x86_64, r-oldrel-osx-x86_64

Version: 2.2.2
Check: compiled code
Result: NOTE
    File ‘changepoint/libs/changepoint.so’:
     Found no calls to: ‘R_registerRoutines’, ‘R_useDynamicSymbols’
    
    It is good practice to register native routines and to disable symbol
    search.
    
    See ‘Writing portable packages’ in the ‘Writing R Extensions’ manual.
Flavors: r-devel-linux-x86_64-fedora-clang, r-devel-linux-x86_64-fedora-gcc