CRAN Package Check Results for Package childsds

Last updated on 2019-04-13 01:57:55 CEST.

Flavor Version Tinstall Tcheck Ttotal Status Flags
r-devel-linux-x86_64-debian-clang 0.7.4 5.30 40.76 46.06 OK
r-devel-linux-x86_64-debian-gcc 0.7.4 4.74 31.05 35.79 OK
r-devel-linux-x86_64-fedora-clang 0.7.4 54.44 NOTE
r-devel-linux-x86_64-fedora-gcc 0.7.4 53.60 NOTE
r-devel-windows-ix86+x86_64 0.7.4 17.00 50.00 67.00 OK
r-patched-linux-x86_64 0.7.4 4.85 39.42 44.27 OK
r-patched-solaris-x86 0.7.4 84.80 NOTE
r-release-linux-x86_64 0.7.4 4.56 37.36 41.92 OK
r-release-windows-ix86+x86_64 0.7.4 12.00 74.00 86.00 OK
r-release-osx-x86_64 0.7.4 NOTE
r-oldrel-windows-ix86+x86_64 0.6.7 7.00 73.00 80.00 OK
r-oldrel-osx-x86_64 0.7.4 ERROR

Check Details

Version: 0.7.4
Check: dependencies in R code
Result: NOTE
    Namespace in Imports field not imported from: ‘gamlss.dist’
     All declared Imports should be used.
Flavors: r-devel-linux-x86_64-fedora-clang, r-devel-linux-x86_64-fedora-gcc, r-patched-solaris-x86, r-release-osx-x86_64

Version: 0.7.4
Check: data for non-ASCII characters
Result: NOTE
     Note: found 27 marked UTF-8 strings
Flavors: r-devel-linux-x86_64-fedora-clang, r-devel-linux-x86_64-fedora-gcc, r-patched-solaris-x86, r-release-osx-x86_64

Version: 0.7.4
Check: whether package can be installed
Result: ERROR
    Installation failed.
Flavor: r-oldrel-osx-x86_64