Last updated on 2019-04-13 01:57:55 CEST.
Flavor | Version | Tinstall | Tcheck | Ttotal | Status | Flags |
---|---|---|---|---|---|---|
r-devel-linux-x86_64-debian-clang | 0.6.0 | 13.80 | 353.46 | 367.26 | OK | |
r-devel-linux-x86_64-debian-gcc | 0.6.0 | 11.54 | 264.04 | 275.58 | OK | |
r-devel-linux-x86_64-fedora-clang | 0.6.0 | 445.29 | OK | |||
r-devel-linux-x86_64-fedora-gcc | 0.6.0 | 434.74 | OK | |||
r-devel-windows-ix86+x86_64 | 0.6.0 | 32.00 | 310.00 | 342.00 | OK | |
r-patched-linux-x86_64 | 0.6.0 | 13.31 | 345.37 | 358.68 | OK | |
r-patched-solaris-x86 | 0.6.0 | 550.40 | NOTE | |||
r-release-linux-x86_64 | 0.6.0 | 13.23 | 370.53 | 383.76 | OK | |
r-release-windows-ix86+x86_64 | 0.6.0 | 28.00 | 477.00 | 505.00 | OK | |
r-release-osx-x86_64 | 0.6.0 | OK | ||||
r-oldrel-windows-ix86+x86_64 | 0.6.0 | 10.00 | 356.00 | 366.00 | OK | |
r-oldrel-osx-x86_64 | 0.6.0 | OK |
Version: 0.6.0
Check: installed package size
Result: NOTE
installed size is 5.9Mb
sub-directories of 1Mb or more:
doc 2.8Mb
help 1.8Mb
Flavor: r-patched-solaris-x86