CRAN Package Check Results for Package choplump

Last updated on 2019-04-13 01:57:55 CEST.

Flavor Version Tinstall Tcheck Ttotal Status Flags
r-devel-linux-x86_64-debian-clang 1.0-0.4 2.31 77.79 80.10 NOTE
r-devel-linux-x86_64-debian-gcc 1.0-0.4 1.62 53.69 55.31 NOTE
r-devel-linux-x86_64-fedora-clang 1.0-0.4 83.98 NOTE
r-devel-linux-x86_64-fedora-gcc 1.0-0.4 83.28 NOTE
r-devel-windows-ix86+x86_64 1.0-0.4 7.00 80.00 87.00 NOTE
r-patched-linux-x86_64 1.0-0.4 2.19 73.56 75.75 NOTE
r-patched-solaris-x86 1.0-0.4 114.40 NOTE
r-release-linux-x86_64 1.0-0.4 1.40 105.02 106.42 NOTE
r-release-windows-ix86+x86_64 1.0-0.4 3.00 114.00 117.00 NOTE
r-release-osx-x86_64 1.0-0.4 NOTE
r-oldrel-windows-ix86+x86_64 1.0-0.4 2.00 89.00 91.00 NOTE
r-oldrel-osx-x86_64 1.0-0.4 NOTE

Check Details

Version: 1.0-0.4
Check: DESCRIPTION meta-information
Result: NOTE
    Malformed Description field: should contain one or more complete sentences.
Flavors: r-devel-linux-x86_64-debian-clang, r-devel-linux-x86_64-debian-gcc, r-devel-linux-x86_64-fedora-clang, r-devel-linux-x86_64-fedora-gcc, r-devel-windows-ix86+x86_64, r-patched-linux-x86_64, r-patched-solaris-x86, r-release-linux-x86_64, r-release-windows-ix86+x86_64, r-release-osx-x86_64, r-oldrel-windows-ix86+x86_64, r-oldrel-osx-x86_64

Version: 1.0-0.4
Check: R code for possible problems
Result: NOTE
    Qh.times.dhyper: no visible global function definition for 'var'
    Qh.times.dhyper: no visible global function definition for 'pnorm'
    Qh.times.dhyper: no visible global function definition for 'dhyper'
    TDiM: no visible global function definition for 'sd'
    choplump.default: no visible global function definition for
     'flush.console'
    choplump.formula: no visible global function definition for 'terms'
    cm.compact: no visible global function definition for 'dhyper'
    Undefined global functions or variables:
     dhyper flush.console pnorm sd terms var
    Consider adding
     importFrom("stats", "dhyper", "pnorm", "sd", "terms", "var")
     importFrom("utils", "flush.console")
    to your NAMESPACE file.
Flavors: r-devel-linux-x86_64-debian-clang, r-devel-linux-x86_64-debian-gcc, r-devel-linux-x86_64-fedora-clang, r-devel-linux-x86_64-fedora-gcc, r-devel-windows-ix86+x86_64, r-patched-linux-x86_64, r-patched-solaris-x86, r-release-linux-x86_64, r-release-windows-ix86+x86_64, r-release-osx-x86_64, r-oldrel-windows-ix86+x86_64, r-oldrel-osx-x86_64