CRAN Package Check Results for Package citr

Last updated on 2019-04-13 01:57:56 CEST.

Flavor Version Tinstall Tcheck Ttotal Status Flags
r-devel-linux-x86_64-debian-clang 0.3.0 3.64 29.15 32.79 OK
r-devel-linux-x86_64-debian-gcc 0.3.0 2.70 23.93 26.63 OK
r-devel-linux-x86_64-fedora-clang 0.3.0 38.27 NOTE
r-devel-linux-x86_64-fedora-gcc 0.3.0 36.71 NOTE
r-devel-windows-ix86+x86_64 0.3.0 9.00 52.00 61.00 OK
r-patched-linux-x86_64 0.3.0 3.42 29.62 33.04 OK
r-patched-solaris-x86 0.3.0 58.90 NOTE
r-release-linux-x86_64 0.3.0 2.58 28.01 30.59 OK
r-release-windows-ix86+x86_64 0.3.0 7.00 69.00 76.00 OK
r-release-osx-x86_64 0.3.0 NOTE
r-oldrel-windows-ix86+x86_64 0.3.0 5.00 53.00 58.00 OK
r-oldrel-osx-x86_64 0.3.0 NOTE

Check Details

Version: 0.3.0
Check: dependencies in R code
Result: NOTE
    Namespace in Imports field not imported from: ‘bibtex’
     All declared Imports should be used.
Flavors: r-devel-linux-x86_64-fedora-clang, r-devel-linux-x86_64-fedora-gcc, r-patched-solaris-x86, r-release-osx-x86_64, r-oldrel-osx-x86_64