Last updated on 2019-04-13 01:57:57 CEST.
Flavor | Version | Tinstall | Tcheck | Ttotal | Status | Flags |
---|---|---|---|---|---|---|
r-devel-linux-x86_64-debian-clang | 0.0.3 | 2.37 | 39.85 | 42.22 | OK | |
r-devel-linux-x86_64-debian-gcc | 0.0.3 | 1.52 | 30.75 | 32.27 | OK | |
r-devel-linux-x86_64-fedora-clang | 0.0.3 | 49.34 | NOTE | |||
r-devel-linux-x86_64-fedora-gcc | 0.0.3 | 46.77 | NOTE | |||
r-devel-windows-ix86+x86_64 | 0.0.3 | 10.00 | 54.00 | 64.00 | OK | |
r-patched-linux-x86_64 | 0.0.3 | 2.30 | 39.21 | 41.51 | OK | |
r-patched-solaris-x86 | 0.0.3 | 63.10 | WARN | |||
r-release-linux-x86_64 | 0.0.3 | 1.59 | 39.25 | 40.84 | OK | |
r-release-windows-ix86+x86_64 | 0.0.3 | 7.00 | 74.00 | 81.00 | OK | |
r-release-osx-x86_64 | 0.0.3 | WARN | ||||
r-oldrel-windows-ix86+x86_64 | 0.0.3 | 4.00 | 62.00 | 66.00 | OK | |
r-oldrel-osx-x86_64 | 0.0.3 | WARN |
Version: 0.0.3
Check: dependencies in R code
Result: NOTE
Namespaces in Imports field not imported from:
‘colourpicker’ ‘dplyr’ ‘markdown’ ‘shinyjs’ ‘tidyr’
All declared Imports should be used.
Flavors: r-devel-linux-x86_64-fedora-clang, r-devel-linux-x86_64-fedora-gcc, r-patched-solaris-x86, r-release-osx-x86_64, r-oldrel-osx-x86_64
Version: 0.0.3
Check: re-building of vignette outputs
Result: WARN
Error(s) in re-building vignettes:
...
--- re-building ‘introduction_to_coveffectsplot.Rmd’ using rmarkdown
Warning in engine$weave(file, quiet = quiet, encoding = enc) :
Pandoc (>= 1.12.3) and/or pandoc-citeproc not available. Falling back to R Markdown v1.
Quitting from lines 253-341 (introduction_to_coveffectsplot.Rmd)
Error: processing vignette 'introduction_to_coveffectsplot.Rmd' failed with diagnostics:
there is no package called 'webshot'
--- failed re-building ‘introduction_to_coveffectsplot.Rmd’
SUMMARY: processing the following file failed:
‘introduction_to_coveffectsplot.Rmd’
Error: Vignette re-building failed.
Execution halted
Flavor: r-patched-solaris-x86
Version: 0.0.3
Check: re-building of vignette outputs
Result: WARN
Error in re-building vignettes:
...
Warning in engine$weave(file, quiet = quiet, encoding = enc) :
Pandoc (>= 1.12.3) and/or pandoc-citeproc not available. Falling back to R Markdown v1.
Quitting from lines 253-341 (introduction_to_coveffectsplot.Rmd)
Error: processing vignette 'introduction_to_coveffectsplot.Rmd' failed with diagnostics:
cannot open the connection
Execution halted
Flavors: r-release-osx-x86_64, r-oldrel-osx-x86_64