CRAN Package Check Results for Package ctsem

Last updated on 2019-04-13 01:57:57 CEST.

Flavor Version Tinstall Tcheck Ttotal Status Flags
r-devel-linux-x86_64-debian-clang 2.8.2 678.58 752.72 1431.30 NOTE
r-devel-linux-x86_64-debian-gcc 2.8.2 617.56 487.05 1104.61 NOTE
r-devel-linux-x86_64-fedora-clang 2.8.2 1726.93 NOTE
r-devel-linux-x86_64-fedora-gcc 2.8.2 1584.48 NOTE
r-devel-windows-ix86+x86_64 2.8.2 521.00 610.00 1131.00 NOTE --no-vignettes
r-patched-linux-x86_64 2.8.2 647.45 625.01 1272.46 NOTE
r-patched-solaris-x86 2.8.2 10.00 ERROR
r-release-linux-x86_64 2.8.2 641.79 554.02 1195.81 NOTE
r-release-windows-ix86+x86_64 2.8.2 488.00 386.00 874.00 NOTE --no-vignettes
r-release-osx-x86_64 2.8.2 NOTE
r-oldrel-windows-ix86+x86_64 2.8.2 365.00 579.00 944.00 NOTE --no-vignettes
r-oldrel-osx-x86_64 2.8.2 NOTE

Check Details

Version: 2.8.2
Check: for GNU extensions in Makefiles
Result: NOTE
    GNU make is a SystemRequirements.
Flavors: r-devel-linux-x86_64-debian-clang, r-devel-linux-x86_64-debian-gcc, r-devel-linux-x86_64-fedora-clang, r-devel-linux-x86_64-fedora-gcc, r-patched-linux-x86_64, r-release-linux-x86_64, r-release-osx-x86_64, r-oldrel-osx-x86_64

Version: 2.8.2
Check: installed package size
Result: NOTE
     installed size is 92.8Mb
     sub-directories of 1Mb or more:
     data 1.8Mb
     libs 89.0Mb
Flavors: r-devel-linux-x86_64-fedora-clang, r-release-osx-x86_64, r-oldrel-osx-x86_64

Version: 2.8.2
Flags: --no-vignettes
Check: installed package size
Result: NOTE
     installed size is 7.9Mb
     sub-directories of 1Mb or more:
     data 1.8Mb
     libs 4.1Mb
Flavors: r-devel-windows-ix86+x86_64, r-release-windows-ix86+x86_64, r-oldrel-windows-ix86+x86_64

Version: 2.8.2
Flags: --no-vignettes
Check: for GNU extensions in Makefiles
Result: NOTE
    GNU make is a SystemRequirements.
Flavors: r-devel-windows-ix86+x86_64, r-release-windows-ix86+x86_64, r-oldrel-windows-ix86+x86_64

Version: 2.8.2
Check: whether package can be installed
Result: ERROR
    Installation failed.
Flavor: r-patched-solaris-x86