Last updated on 2019-04-13 01:57:57 CEST.
Flavor | Version | Tinstall | Tcheck | Ttotal | Status | Flags |
---|---|---|---|---|---|---|
r-devel-linux-x86_64-debian-clang | 3.3 | 5.40 | 32.16 | 37.56 | NOTE | |
r-devel-linux-x86_64-debian-gcc | 3.3 | 4.20 | 26.27 | 30.47 | NOTE | |
r-devel-linux-x86_64-fedora-clang | 3.3 | 43.71 | NOTE | |||
r-devel-linux-x86_64-fedora-gcc | 3.3 | 43.57 | NOTE | |||
r-devel-windows-ix86+x86_64 | 3.3 | 117.00 | 230.00 | 347.00 | NOTE | |
r-patched-linux-x86_64 | 3.3 | 3.67 | 31.47 | 35.14 | NOTE | |
r-patched-solaris-x86 | 3.3 | 61.00 | NOTE | |||
r-release-linux-x86_64 | 3.3 | 4.18 | 30.25 | 34.43 | NOTE | |
r-release-windows-ix86+x86_64 | 3.3 | 76.00 | 225.00 | 301.00 | NOTE | |
r-release-osx-x86_64 | 3.3 | NOTE | ||||
r-oldrel-windows-ix86+x86_64 | 3.3 | 79.00 | 193.00 | 272.00 | NOTE | |
r-oldrel-osx-x86_64 | 3.3 | NOTE |
Version: 3.3
Check: compiled code
Result: NOTE
File 'curl/libs/curl.so':
Found non-API call to R: 'R_new_custom_connection'
Compiled code should not call non-API entry points in R.
See 'Writing portable packages' in the 'Writing R Extensions' manual.
Flavors: r-devel-linux-x86_64-debian-clang, r-devel-linux-x86_64-debian-gcc, r-devel-linux-x86_64-fedora-clang, r-devel-linux-x86_64-fedora-gcc, r-patched-linux-x86_64, r-patched-solaris-x86, r-release-linux-x86_64, r-release-osx-x86_64, r-oldrel-osx-x86_64
Version: 3.3
Check: installed package size
Result: NOTE
installed size is 6.5Mb
sub-directories of 1Mb or more:
libs 5.5Mb
Flavors: r-devel-windows-ix86+x86_64, r-release-windows-ix86+x86_64, r-oldrel-windows-ix86+x86_64
Version: 3.3
Check: compiled code
Result: NOTE
File 'curl/libs/i386/curl.dll':
Found non-API call to R: 'R_new_custom_connection'
File 'curl/libs/x64/curl.dll':
Found non-API call to R: 'R_new_custom_connection'
Compiled code should not call non-API entry points in R.
See 'Writing portable packages' in the 'Writing R Extensions' manual.
Flavors: r-devel-windows-ix86+x86_64, r-release-windows-ix86+x86_64, r-oldrel-windows-ix86+x86_64