Last updated on 2019-04-13 01:57:58 CEST.
Flavor | Version | Tinstall | Tcheck | Ttotal | Status | Flags |
---|---|---|---|---|---|---|
r-devel-linux-x86_64-debian-clang | 0.1.0 | 3.54 | 33.03 | 36.57 | OK | |
r-devel-linux-x86_64-debian-gcc | 0.1.0 | 2.87 | 25.95 | 28.82 | OK | |
r-devel-linux-x86_64-fedora-clang | 0.1.0 | 43.17 | OK | |||
r-devel-linux-x86_64-fedora-gcc | 0.1.0 | 40.74 | OK | |||
r-devel-windows-ix86+x86_64 | 0.1.0 | 10.00 | 63.00 | 73.00 | NOTE | |
r-patched-linux-x86_64 | 0.1.0 | 3.90 | 31.98 | 35.88 | OK | |
r-patched-solaris-x86 | 0.1.0 | 61.80 | OK | |||
r-release-linux-x86_64 | 0.1.0 | 1.74 | 29.53 | 31.27 | OK | |
r-release-windows-ix86+x86_64 | 0.1.0 | 7.00 | 62.00 | 69.00 | NOTE | |
r-release-osx-x86_64 | 0.1.0 | OK | ||||
r-oldrel-windows-ix86+x86_64 | 0.1.0 | 5.00 | 44.00 | 49.00 | NOTE | |
r-oldrel-osx-x86_64 | 0.1.0 | OK |
Version: 0.1.0
Check: package dependencies
Result: NOTE
Package suggested but not available for checking: 'doMC'
Flavors: r-devel-windows-ix86+x86_64, r-release-windows-ix86+x86_64, r-oldrel-windows-ix86+x86_64