CRAN Package Check Results for Package derivmkts

Last updated on 2019-04-13 01:57:58 CEST.

Flavor Version Tinstall Tcheck Ttotal Status Flags
r-devel-linux-x86_64-debian-clang 0.2.3 4.36 41.60 45.96 OK
r-devel-linux-x86_64-debian-gcc 0.2.3 3.33 33.08 36.41 OK
r-devel-linux-x86_64-fedora-clang 0.2.3 54.63 NOTE
r-devel-linux-x86_64-fedora-gcc 0.2.3 53.08 NOTE
r-devel-windows-ix86+x86_64 0.2.3 10.00 93.00 103.00 OK
r-patched-linux-x86_64 0.2.3 4.18 40.85 45.03 OK
r-patched-solaris-x86 0.2.3 73.20 NOTE
r-release-linux-x86_64 0.2.3 3.79 38.27 42.06 OK
r-release-windows-ix86+x86_64 0.2.3 6.00 89.00 95.00 OK
r-release-osx-x86_64 0.2.3 NOTE
r-oldrel-windows-ix86+x86_64 0.2.3 3.00 70.00 73.00 OK
r-oldrel-osx-x86_64 0.2.3 NOTE

Check Details

Version: 0.2.3
Check: dependencies in R code
Result: NOTE
    Namespace in Imports field not imported from: ‘testthat’
     All declared Imports should be used.
Flavors: r-devel-linux-x86_64-fedora-clang, r-devel-linux-x86_64-fedora-gcc, r-patched-solaris-x86, r-release-osx-x86_64, r-oldrel-osx-x86_64