Last updated on 2019-04-13 01:57:58 CEST.
Flavor | Version | Tinstall | Tcheck | Ttotal | Status | Flags |
---|---|---|---|---|---|---|
r-devel-linux-x86_64-debian-clang | 3.5.1 | 193.04 | 83.20 | 276.24 | NOTE | |
r-devel-linux-x86_64-debian-gcc | 3.5.1 | 191.27 | 66.26 | 257.53 | NOTE | |
r-devel-linux-x86_64-fedora-clang | 3.5.1 | 392.86 | NOTE | |||
r-devel-linux-x86_64-fedora-gcc | 3.5.1 | 351.58 | NOTE | |||
r-devel-windows-ix86+x86_64 | 3.5.1 | 395.00 | 155.00 | 550.00 | NOTE | |
r-patched-linux-x86_64 | 3.5.1 | 200.10 | 84.20 | 284.30 | NOTE | |
r-patched-solaris-x86 | 3.5.1 | 358.30 | NOTE | |||
r-release-linux-x86_64 | 3.5.1 | 199.78 | 82.37 | 282.15 | NOTE | |
r-release-windows-ix86+x86_64 | 3.5.1 | 391.00 | 194.00 | 585.00 | NOTE | |
r-release-osx-x86_64 | 3.5.1 | NOTE | ||||
r-oldrel-windows-ix86+x86_64 | 3.5.1 | 302.00 | 161.00 | 463.00 | NOTE | |
r-oldrel-osx-x86_64 | 3.5.1 | NOTE |
Version: 3.5.1
Check: for GNU extensions in Makefiles
Result: NOTE
GNU make is a SystemRequirements.
Flavors: r-devel-linux-x86_64-debian-clang, r-devel-linux-x86_64-debian-gcc, r-devel-linux-x86_64-fedora-clang, r-devel-linux-x86_64-fedora-gcc, r-devel-windows-ix86+x86_64, r-patched-linux-x86_64, r-patched-solaris-x86, r-release-linux-x86_64, r-release-windows-ix86+x86_64, r-release-osx-x86_64, r-oldrel-windows-ix86+x86_64, r-oldrel-osx-x86_64
Version: 3.5.1
Check: installed package size
Result: NOTE
installed size is 47.5Mb
sub-directories of 1Mb or more:
libs 47.0Mb
Flavors: r-devel-linux-x86_64-fedora-clang, r-devel-windows-ix86+x86_64, r-release-windows-ix86+x86_64, r-release-osx-x86_64, r-oldrel-windows-ix86+x86_64, r-oldrel-osx-x86_64