Last updated on 2019-04-13 01:57:58 CEST.
Flavor | Version | Tinstall | Tcheck | Ttotal | Status | Flags |
---|---|---|---|---|---|---|
r-devel-linux-x86_64-debian-clang | 2018.05.22 | 4.19 | 110.90 | 115.09 | NOTE | |
r-devel-linux-x86_64-debian-gcc | 2018.05.22 | 3.92 | 76.62 | 80.54 | NOTE | |
r-devel-linux-x86_64-fedora-clang | 2018.05.22 | 129.77 | NOTE | |||
r-devel-linux-x86_64-fedora-gcc | 2018.05.22 | 118.89 | NOTE | |||
r-devel-windows-ix86+x86_64 | 2018.05.22 | 13.00 | 110.00 | 123.00 | OK | |
r-patched-linux-x86_64 | 2018.05.22 | 3.97 | 101.80 | 105.77 | NOTE | |
r-patched-solaris-x86 | 2018.05.22 | 165.80 | NOTE | |||
r-release-linux-x86_64 | 2018.05.22 | 3.32 | 107.58 | 110.90 | NOTE | |
r-release-windows-ix86+x86_64 | 2018.05.22 | 8.00 | 156.00 | 164.00 | OK | |
r-release-osx-x86_64 | 2018.05.22 | OK | ||||
r-oldrel-windows-ix86+x86_64 | 2018.05.22 | 5.00 | 136.00 | 141.00 | OK | |
r-oldrel-osx-x86_64 | 2018.05.22 | OK |
Version: 2018.05.22
Check: package dependencies
Result: NOTE
Package suggested but not available for checking: 'inlinedocs'
Flavors: r-devel-linux-x86_64-debian-clang, r-devel-linux-x86_64-debian-gcc, r-devel-linux-x86_64-fedora-clang, r-devel-linux-x86_64-fedora-gcc, r-patched-linux-x86_64, r-patched-solaris-x86, r-release-linux-x86_64