CRAN Package Check Results for Package diseasemapping

Last updated on 2019-04-13 01:57:59 CEST.

Flavor Version Tinstall Tcheck Ttotal Status Flags
r-devel-linux-x86_64-debian-clang 1.4.6 4.50 75.25 79.75 NOTE
r-devel-linux-x86_64-debian-gcc 1.4.6 4.01 59.47 63.48 NOTE
r-devel-linux-x86_64-fedora-clang 1.4.6 129.42 OK
r-devel-linux-x86_64-fedora-gcc 1.4.6 126.15 OK
r-devel-windows-ix86+x86_64 1.4.6 14.00 132.00 146.00 OK
r-patched-linux-x86_64 1.4.6 4.99 76.08 81.07 NOTE
r-patched-solaris-x86 1.4.6 150.60 NOTE
r-release-linux-x86_64 1.4.6 3.53 70.46 73.99 NOTE
r-release-windows-ix86+x86_64 1.4.6 8.00 113.00 121.00 OK
r-release-osx-x86_64 1.4.6 NOTE
r-oldrel-windows-ix86+x86_64 1.4.6 6.00 95.00 101.00 OK
r-oldrel-osx-x86_64 1.4.6 NOTE

Check Details

Version: 1.4.6
Check: package dependencies
Result: NOTE
    Package which this enhances but not available for checking: 'INLA'
Flavors: r-devel-linux-x86_64-debian-clang, r-devel-linux-x86_64-debian-gcc, r-patched-linux-x86_64, r-patched-solaris-x86, r-release-linux-x86_64, r-release-osx-x86_64, r-oldrel-osx-x86_64