Last updated on 2019-04-13 01:57:59 CEST.
Flavor | Version | Tinstall | Tcheck | Ttotal | Status | Flags |
---|---|---|---|---|---|---|
r-devel-linux-x86_64-debian-clang | 0.1.0 | 4.09 | 37.23 | 41.32 | OK | |
r-devel-linux-x86_64-debian-gcc | 0.1.0 | 3.53 | 29.22 | 32.75 | OK | |
r-devel-linux-x86_64-fedora-clang | 0.1.0 | 51.06 | NOTE | |||
r-devel-linux-x86_64-fedora-gcc | 0.1.0 | 48.63 | NOTE | |||
r-devel-windows-ix86+x86_64 | 0.1.0 | 11.00 | 59.00 | 70.00 | OK | |
r-patched-linux-x86_64 | 0.1.0 | 4.37 | 36.19 | 40.56 | OK | |
r-patched-solaris-x86 | 0.1.0 | 76.60 | NOTE | |||
r-release-linux-x86_64 | 0.1.0 | 2.01 | 35.34 | 37.35 | OK | |
r-release-windows-ix86+x86_64 | 0.1.0 | 9.00 | 85.00 | 94.00 | OK | |
r-release-osx-x86_64 | 0.1.0 | NOTE | ||||
r-oldrel-windows-ix86+x86_64 | 0.1.0 | 7.00 | 51.00 | 58.00 | OK | |
r-oldrel-osx-x86_64 | 0.1.0 | NOTE |
Version: 0.1.0
Check: dependencies in R code
Result: NOTE
Namespaces in Imports field not imported from:
‘tidyr’ ‘tidyverse’
All declared Imports should be used.
Flavors: r-devel-linux-x86_64-fedora-clang, r-devel-linux-x86_64-fedora-gcc, r-patched-solaris-x86, r-release-osx-x86_64, r-oldrel-osx-x86_64