CRAN Package Check Results for Package edgebundleR

Last updated on 2019-04-13 01:57:59 CEST.

Flavor Version Tinstall Tcheck Ttotal Status Flags
r-devel-linux-x86_64-debian-clang 0.1.4 1.94 26.97 28.91 OK
r-devel-linux-x86_64-debian-gcc 0.1.4 2.28 21.57 23.85 OK
r-devel-linux-x86_64-fedora-clang 0.1.4 36.84 OK
r-devel-linux-x86_64-fedora-gcc 0.1.4 34.94 OK
r-devel-windows-ix86+x86_64 0.1.4 3.00 5.00 8.00 ERROR
r-patched-linux-x86_64 0.1.4 2.50 26.48 28.98 OK
r-patched-solaris-x86 0.1.4 62.20 OK
r-release-linux-x86_64 0.1.4 1.51 25.14 26.65 OK
r-release-windows-ix86+x86_64 0.1.4 8.00 67.00 75.00 OK
r-release-osx-x86_64 0.1.4 OK
r-oldrel-windows-ix86+x86_64 0.1.4 4.00 40.00 44.00 ERROR
r-oldrel-osx-x86_64 0.1.4 OK

Check Details

Version: 0.1.4
Check: whether package can be installed
Result: ERROR
    Installation failed.
Flavors: r-devel-windows-ix86+x86_64, r-oldrel-windows-ix86+x86_64