CRAN Package Check Results for Package eechidna

Last updated on 2019-04-13 01:57:59 CEST.

Flavor Version Tinstall Tcheck Ttotal Status Flags
r-devel-linux-x86_64-debian-clang 1.3.0 10.15 96.86 107.01 OK
r-devel-linux-x86_64-debian-gcc 1.3.0 9.70 77.97 87.67 OK
r-devel-linux-x86_64-fedora-clang 1.3.0 133.60 OK
r-devel-linux-x86_64-fedora-gcc 1.3.0 127.09 OK
r-devel-windows-ix86+x86_64 1.3.0 24.00 110.00 134.00 OK
r-patched-linux-x86_64 1.3.0 10.49 93.13 103.62 OK
r-patched-solaris-x86 1.3.0 218.20 NOTE
r-release-linux-x86_64 1.3.0 8.17 94.06 102.23 OK
r-release-windows-ix86+x86_64 1.3.0 27.00 179.00 206.00 OK
r-release-osx-x86_64 1.3.0 OK
r-oldrel-osx-x86_64 1.3.0 ERROR

Check Details

Version: 1.3.0
Check: installed package size
Result: NOTE
     installed size is 5.0Mb
     sub-directories of 1Mb or more:
     data 3.9Mb
Flavor: r-patched-solaris-x86

Version: 1.3.0
Check: whether package can be installed
Result: ERROR
    Installation failed.
Flavor: r-oldrel-osx-x86_64