CRAN Package Check Results for Package eurostat

Last updated on 2019-04-13 01:58:00 CEST.

Flavor Version Tinstall Tcheck Ttotal Status Flags
r-devel-linux-x86_64-debian-clang 3.3.5 8.18 97.12 105.30 OK
r-devel-linux-x86_64-debian-gcc 3.3.5 8.32 76.90 85.22 OK
r-devel-linux-x86_64-fedora-clang 3.3.5 127.86 NOTE
r-devel-linux-x86_64-fedora-gcc 3.3.5 123.06 NOTE
r-devel-windows-ix86+x86_64 3.3.4 25.00 161.00 186.00 OK
r-patched-linux-x86_64 3.3.5 9.00 95.43 104.43 OK
r-patched-solaris-x86 3.3.5 176.80 NOTE
r-release-linux-x86_64 3.3.5 6.40 91.67 98.07 OK
r-release-windows-ix86+x86_64 3.3.4 15.00 152.00 167.00 WARN
r-release-osx-x86_64 3.3.4 NOTE
r-oldrel-windows-ix86+x86_64 3.3.4 19.00 172.00 191.00 WARN
r-oldrel-osx-x86_64 3.3.1.3 NOTE

Check Details

Version: 3.3.5
Check: data for non-ASCII characters
Result: NOTE
     Note: found 595 marked UTF-8 strings
Flavors: r-devel-linux-x86_64-fedora-clang, r-devel-linux-x86_64-fedora-gcc, r-patched-solaris-x86

Version: 3.3.4
Check: re-building of vignette outputs
Result: WARN
    Error in re-building vignettes:
     ...
    Loading required package: xml2
    trying URL 'https://ec.europa.eu/eurostat/estat-navtree-portlet-prod/BulkDownloadListing?sort=1&file=data%2Ft2020_rk310.tsv.gz'
    Content type 'application/octet-stream;charset=UTF-8' length 4476 bytes
    ==================================================
    downloaded 4476 bytes
    
    Table t2020_rk310 cached at D:\temp\Rtmp8eV3mF/eurostat/t2020_rk310_num_code_TF.rds
    trying URL 'https://ec.europa.eu/eurostat/estat-navtree-portlet-prod/BulkDownloadListing?sort=1&file=data%2Ftgs00026.tsv.gz'
    Content type 'application/octet-stream;charset=UTF-8' length 5258 bytes
    ==================================================
    downloaded 5258 bytes
    
    Quitting from lines 440-452 (eurostat_tutorial.Rmd)
    Error: processing vignette 'eurostat_tutorial.Rmd' failed with diagnostics:
    HTTP request failed with status: 404 Not Found
    Execution halted
Flavor: r-release-windows-ix86+x86_64

Version: 3.3.4
Check: data for non-ASCII characters
Result: NOTE
     Note: found 595 marked UTF-8 strings
Flavor: r-release-osx-x86_64

Version: 3.3.4
Check: re-building of vignette outputs
Result: WARN
    Error in re-building vignettes:
     ...
    Loading required package: xml2
    trying URL 'https://ec.europa.eu/eurostat/estat-navtree-portlet-prod/BulkDownloadListing?sort=1&file=data%2Ft2020_rk310.tsv.gz'
    Content type 'application/octet-stream;charset=UTF-8' length 4476 bytes
    ==================================================
    downloaded 4476 bytes
    
    Table t2020_rk310 cached at D:\temp\RtmpELkoPx/eurostat/t2020_rk310_num_code_TF.rds
    trying URL 'https://ec.europa.eu/eurostat/estat-navtree-portlet-prod/BulkDownloadListing?sort=1&file=data%2Ftgs00026.tsv.gz'
    Content type 'application/octet-stream;charset=UTF-8' length 5258 bytes
    ==================================================
    downloaded 5258 bytes
    
    Quitting from lines 440-452 (eurostat_tutorial.Rmd)
    Error: processing vignette 'eurostat_tutorial.Rmd' failed with diagnostics:
    HTTP request failed with status: 404 Not Found
    Execution halted
Flavor: r-oldrel-windows-ix86+x86_64

Version: 3.3.1.3
Check: data for non-ASCII characters
Result: NOTE
     Note: found 595 marked UTF-8 strings
Flavor: r-oldrel-osx-x86_64