Last updated on 2019-04-13 01:58:00 CEST.
Flavor | Version | Tinstall | Tcheck | Ttotal | Status | Flags |
---|---|---|---|---|---|---|
r-devel-linux-x86_64-debian-clang | 2.11 | 25.84 | 157.98 | 183.82 | OK | |
r-devel-linux-x86_64-debian-gcc | 2.11 | 22.84 | 120.57 | 143.41 | OK | |
r-devel-linux-x86_64-fedora-clang | 2.11 | 213.18 | OK | |||
r-devel-linux-x86_64-fedora-gcc | 2.11 | 208.88 | OK | |||
r-devel-windows-ix86+x86_64 | 2.11 | 52.00 | 206.00 | 258.00 | OK | |
r-patched-linux-x86_64 | 2.11 | 29.42 | 160.27 | 189.69 | OK | |
r-patched-solaris-x86 | 2.11 | 245.80 | NOTE | |||
r-release-linux-x86_64 | 2.11 | 22.04 | 154.17 | 176.21 | OK | |
r-release-windows-ix86+x86_64 | 2.11 | 34.00 | 148.00 | 182.00 | OK | |
r-release-osx-x86_64 | 2.11 | OK | ||||
r-oldrel-windows-ix86+x86_64 | 2.11 | 11.00 | 216.00 | 227.00 | OK | |
r-oldrel-osx-x86_64 | 2.11 | OK |
Version: 2.11
Check: installed package size
Result: NOTE
installed size is 5.3Mb
sub-directories of 1Mb or more:
R 1.3Mb
doc 3.1Mb
Flavor: r-patched-solaris-x86