Last updated on 2019-04-13 01:58:00 CEST.
Flavor | Version | Tinstall | Tcheck | Ttotal | Status | Flags |
---|---|---|---|---|---|---|
r-devel-linux-x86_64-debian-clang | 2.3-2 | 12.49 | 158.30 | 170.79 | NOTE | |
r-devel-linux-x86_64-debian-gcc | 2.3-2 | 11.18 | 126.11 | 137.29 | NOTE | |
r-devel-linux-x86_64-fedora-clang | 2.3-2 | 198.32 | NOTE | |||
r-devel-linux-x86_64-fedora-gcc | 2.3-2 | 195.73 | OK | |||
r-devel-windows-ix86+x86_64 | 2.3-2 | 24.00 | 509.00 | 533.00 | OK | |
r-patched-linux-x86_64 | 2.3-2 | 12.12 | 158.22 | 170.34 | NOTE | |
r-patched-solaris-x86 | 2.3-2 | 283.70 | OK | |||
r-release-linux-x86_64 | 2.3-2 | 10.03 | 154.39 | 164.42 | NOTE | |
r-release-windows-ix86+x86_64 | 2.3-2 | 14.00 | 449.00 | 463.00 | OK | |
r-release-osx-x86_64 | 2.3-2 | OK | ||||
r-oldrel-windows-ix86+x86_64 | 2.3-2 | 4.00 | 395.00 | 399.00 | OK | |
r-oldrel-osx-x86_64 | 2.3-2 | OK |
Version: 2.3-2
Check: R code for possible problems
Result: NOTE
Found the following assignments to the global environment:
File 'exams/R/xexams.R':
assign(".xweave_svg_grdevice", .xweave_svg_grdevice, envir = .GlobalEnv)
Flavors: r-devel-linux-x86_64-debian-clang, r-devel-linux-x86_64-debian-gcc, r-devel-linux-x86_64-fedora-clang, r-patched-linux-x86_64, r-release-linux-x86_64