CRAN Package Check Results for Package fastLink

Last updated on 2019-04-13 01:58:01 CEST.

Flavor Version Tinstall Tcheck Ttotal Status Flags
r-devel-linux-x86_64-debian-clang 0.5.0 51.84 95.84 147.68 OK
r-devel-linux-x86_64-debian-gcc 0.5.0 43.18 75.36 118.54 OK
r-devel-linux-x86_64-fedora-clang 0.5.0 209.36 NOTE
r-devel-linux-x86_64-fedora-gcc 0.5.0 185.42 OK
r-devel-windows-ix86+x86_64 0.5.0 132.00 147.00 279.00 NOTE
r-patched-linux-x86_64 0.5.0 47.95 94.45 142.40 OK
r-patched-solaris-x86 0.5.0 254.10 NOTE
r-release-linux-x86_64 0.5.0 52.61 92.22 144.83 OK
r-release-windows-ix86+x86_64 0.5.0 121.00 207.00 328.00 NOTE
r-release-osx-x86_64 0.5.0 NOTE
r-oldrel-windows-ix86+x86_64 0.5.0 85.00 150.00 235.00 NOTE
r-oldrel-osx-x86_64 0.5.0 NOTE

Check Details

Version: 0.5.0
Check: installed package size
Result: NOTE
     installed size is 7.2Mb
     sub-directories of 1Mb or more:
     data 4.8Mb
     libs 2.0Mb
Flavors: r-devel-linux-x86_64-fedora-clang, r-devel-windows-ix86+x86_64, r-patched-solaris-x86, r-release-windows-ix86+x86_64, r-release-osx-x86_64, r-oldrel-windows-ix86+x86_64, r-oldrel-osx-x86_64