CRAN Package Check Results for Package fastdigest

Last updated on 2019-04-13 01:58:01 CEST.

Flavor Version Tinstall Tcheck Ttotal Status Flags
r-devel-linux-x86_64-debian-clang 0.6-3 2.63 16.36 18.99 OK
r-devel-linux-x86_64-debian-gcc 0.6-3 1.97 13.59 15.56 OK
r-devel-linux-x86_64-fedora-clang 0.6-3 23.60 NOTE
r-devel-linux-x86_64-fedora-gcc 0.6-3 22.03 NOTE
r-devel-windows-ix86+x86_64 0.6-3 13.00 35.00 48.00 OK
r-patched-linux-x86_64 0.6-3 2.50 16.21 18.71 OK
r-patched-solaris-x86 0.6-3 36.40 OK
r-release-linux-x86_64 0.6-3 1.66 15.53 17.19 OK
r-release-windows-ix86+x86_64 0.6-3 8.00 36.00 44.00 OK
r-release-osx-x86_64 0.6-3 OK
r-oldrel-windows-ix86+x86_64 0.6-3 11.00 29.00 40.00 OK
r-oldrel-osx-x86_64 0.6-3 OK

Check Details

Version: 0.6-3
Check: compiled code
Result: NOTE
    File ‘fastdigest/libs/fastdigest.so’:
     Found no call to: ‘R_useDynamicSymbols’
    
    It is good practice to register native routines and to disable symbol
    search.
    
    See ‘Writing portable packages’ in the ‘Writing R Extensions’ manual.
Flavors: r-devel-linux-x86_64-fedora-clang, r-devel-linux-x86_64-fedora-gcc