CRAN Package Check Results for Package fileplyr

Last updated on 2019-04-13 01:58:01 CEST.

Flavor Version Tinstall Tcheck Ttotal Status Flags
r-devel-linux-x86_64-debian-clang 0.2.0 4.76 36.06 40.82 OK
r-devel-linux-x86_64-debian-gcc 0.2.0 3.74 28.33 32.07 OK
r-devel-linux-x86_64-fedora-clang 0.2.0 47.63 OK
r-devel-linux-x86_64-fedora-gcc 0.2.0 45.07 OK
r-devel-windows-ix86+x86_64 0.2.0 12.00 80.00 92.00 OK
r-patched-linux-x86_64 0.2.0 4.51 35.40 39.91 OK
r-patched-solaris-x86 0.2.0 89.60 OK
r-release-linux-x86_64 0.2.0 2.02 34.04 36.06 NOTE
r-release-windows-ix86+x86_64 0.2.0 9.00 156.00 165.00 OK
r-release-osx-x86_64 0.2.0 OK
r-oldrel-windows-ix86+x86_64 0.2.0 6.00 102.00 108.00 OK
r-oldrel-osx-x86_64 0.2.0 OK

Check Details

Version: 0.2.0
Check: DESCRIPTION meta-information
Result: NOTE
    Dependence on R version ‘3.3.2’ not with patchlevel 0
Flavor: r-release-linux-x86_64