CRAN Package Check Results for Package fitur

Last updated on 2019-04-13 01:58:01 CEST.

Flavor Version Tinstall Tcheck Ttotal Status Flags
r-devel-linux-x86_64-debian-clang 0.6.1 8.83 88.66 97.49 OK
r-devel-linux-x86_64-debian-gcc 0.6.1 7.12 69.21 76.33 OK
r-devel-linux-x86_64-fedora-clang 0.6.1 116.00 NOTE
r-devel-linux-x86_64-fedora-gcc 0.6.1 110.29 NOTE
r-devel-windows-ix86+x86_64 0.6.1 27.00 98.00 125.00 OK
r-patched-linux-x86_64 0.6.1 7.90 86.31 94.21 OK
r-patched-solaris-x86 0.6.1 174.50 NOTE
r-release-linux-x86_64 0.6.1 4.94 81.32 86.26 OK
r-release-windows-ix86+x86_64 0.6.1 19.00 280.00 299.00 OK
r-release-osx-x86_64 0.6.1 NOTE
r-oldrel-windows-ix86+x86_64 0.6.1 11.00 95.00 106.00 OK
r-oldrel-osx-x86_64 0.6.1 NOTE

Check Details

Version: 0.6.1
Check: dependencies in R code
Result: NOTE
    Namespace in Imports field not imported from: ‘rstudioapi’
     All declared Imports should be used.
Flavors: r-devel-linux-x86_64-fedora-clang, r-devel-linux-x86_64-fedora-gcc, r-patched-solaris-x86, r-release-osx-x86_64, r-oldrel-osx-x86_64