CRAN Package Check Results for Package focusedMDS

Last updated on 2019-04-13 01:58:01 CEST.

Flavor Version Tinstall Tcheck Ttotal Status Flags
r-devel-linux-x86_64-debian-clang 1.3.3 2.27 22.13 24.40 OK
r-devel-linux-x86_64-debian-gcc 1.3.3 1.83 17.92 19.75 OK
r-devel-linux-x86_64-fedora-clang 1.3.3 28.89 OK
r-devel-linux-x86_64-fedora-gcc 1.3.3 27.70 OK
r-devel-windows-ix86+x86_64 1.3.3 7.00 48.00 55.00 OK
r-patched-linux-x86_64 1.3.3 2.40 22.21 24.61 OK
r-patched-solaris-x86 1.3.3 45.60 OK
r-release-linux-x86_64 1.3.3 1.31 21.03 22.34 NOTE
r-release-windows-ix86+x86_64 1.3.3 4.00 33.00 37.00 OK
r-release-osx-x86_64 1.3.3 OK
r-oldrel-windows-ix86+x86_64 1.3.3 3.00 54.00 57.00 OK
r-oldrel-osx-x86_64 1.3.3 OK

Check Details

Version: 1.3.3
Check: DESCRIPTION meta-information
Result: NOTE
    Dependence on R version ‘3.3.1’ not with patchlevel 0
Flavor: r-release-linux-x86_64