Last updated on 2019-04-13 01:58:01 CEST.
Flavor | Version | Tinstall | Tcheck | Ttotal | Status | Flags |
---|---|---|---|---|---|---|
r-devel-linux-x86_64-debian-clang | 0.2.1 | 102.33 | 146.88 | 249.21 | OK | |
r-devel-linux-x86_64-debian-gcc | 0.2.1 | 82.71 | 114.17 | 196.88 | OK | |
r-devel-linux-x86_64-fedora-clang | 0.2.1 | 336.58 | NOTE | |||
r-devel-linux-x86_64-fedora-gcc | 0.2.1 | 287.62 | OK | |||
r-devel-windows-ix86+x86_64 | 0.2.1 | 196.00 | 217.00 | 413.00 | NOTE | |
r-patched-linux-x86_64 | 0.2.1 | 88.50 | 142.46 | 230.96 | OK | |
r-patched-solaris-x86 | 0.2.1 | 389.30 | OK | |||
r-release-linux-x86_64 | 0.2.1 | 89.92 | 140.74 | 230.66 | OK | |
r-release-windows-ix86+x86_64 | 0.2.1 | 176.00 | 298.00 | 474.00 | NOTE | |
r-release-osx-x86_64 | 0.2.1 | NOTE | ||||
r-oldrel-windows-ix86+x86_64 | 0.2.1 | 120.00 | 226.00 | 346.00 | NOTE |
Version: 0.2.1
Check: installed package size
Result: NOTE
installed size is 26.8Mb
sub-directories of 1Mb or more:
libs 25.9Mb
Flavors: r-devel-linux-x86_64-fedora-clang, r-devel-windows-ix86+x86_64, r-release-windows-ix86+x86_64, r-release-osx-x86_64, r-oldrel-windows-ix86+x86_64