Last updated on 2019-04-13 01:58:02 CEST.
Flavor | Version | Tinstall | Tcheck | Ttotal | Status | Flags |
---|---|---|---|---|---|---|
r-devel-linux-x86_64-debian-clang | 1.0.5 | 26.98 | 24.20 | 51.18 | OK | |
r-devel-linux-x86_64-debian-gcc | 1.0.5 | 24.30 | 19.47 | 43.77 | OK | |
r-devel-linux-x86_64-fedora-clang | 1.0.5 | 76.38 | OK | |||
r-devel-linux-x86_64-fedora-gcc | 1.0.5 | 69.42 | OK | |||
r-devel-windows-ix86+x86_64 | 1.0.5 | 80.00 | 71.00 | 151.00 | OK | |
r-patched-linux-x86_64 | 1.0.5 | 29.36 | 24.37 | 53.73 | OK | |
r-patched-solaris-x86 | 1.0.5 | 84.70 | OK | |||
r-release-linux-x86_64 | 1.0.5 | 26.62 | 23.07 | 49.69 | OK | |
r-release-windows-ix86+x86_64 | 1.0.5 | 79.00 | 57.00 | 136.00 | OK | |
r-release-osx-x86_64 | 1.0.5 | OK | ||||
r-oldrel-windows-ix86+x86_64 | 1.0.4 | 58.00 | 79.00 | 137.00 | OK | |
r-oldrel-osx-x86_64 | 1.0.5 | ERROR |
Version: 1.0.5
Check: whether package can be installed
Result: ERROR
Installation failed.
Flavor: r-oldrel-osx-x86_64