Last updated on 2019-04-13 01:58:02 CEST.
Flavor | Version | Tinstall | Tcheck | Ttotal | Status | Flags |
---|---|---|---|---|---|---|
r-devel-linux-x86_64-debian-clang | 0.9.9.2 | 32.69 | 22.58 | 55.27 | OK | |
r-devel-linux-x86_64-debian-gcc | 0.9.9.2 | 25.29 | 18.58 | 43.87 | OK | |
r-devel-linux-x86_64-fedora-clang | 0.9.9.2 | 71.10 | NOTE | |||
r-devel-linux-x86_64-fedora-gcc | 0.9.9.2 | 66.38 | NOTE | |||
r-devel-windows-ix86+x86_64 | 0.9.9.2 | 91.00 | 71.00 | 162.00 | OK | |
r-patched-linux-x86_64 | 0.9.9.2 | 29.31 | 22.89 | 52.20 | OK | |
r-patched-solaris-x86 | 0.9.9.2 | 109.70 | OK | |||
r-release-linux-x86_64 | 0.9.9.2 | 28.81 | 21.66 | 50.47 | OK | |
r-release-windows-ix86+x86_64 | 0.9.9.2 | 85.00 | 50.00 | 135.00 | OK | |
r-release-osx-x86_64 | 0.9.9.2 | OK | ||||
r-oldrel-windows-ix86+x86_64 | 0.9.9.2 | 60.00 | 66.00 | 126.00 | OK | |
r-oldrel-osx-x86_64 | 0.9.9.2 | OK |
Version: 0.9.9.2
Check: compiled code
Result: NOTE
File ‘fts/libs/fts.so’:
Found no calls to: ‘R_registerRoutines’, ‘R_useDynamicSymbols’
It is good practice to register native routines and to disable symbol
search.
See ‘Writing portable packages’ in the ‘Writing R Extensions’ manual.
Flavors: r-devel-linux-x86_64-fedora-clang, r-devel-linux-x86_64-fedora-gcc