CRAN Package Check Results for Package gWidgetsRGtk2

Last updated on 2019-04-13 01:58:04 CEST.

Flavor Version Tinstall Tcheck Ttotal Status Flags
r-devel-linux-x86_64-debian-clang 0.0-86 5.98 2.94 8.92 ERROR
r-devel-linux-x86_64-debian-gcc 0.0-86 33.67 64.89 98.56 OK
r-devel-linux-x86_64-fedora-clang 0.0-86 146.59 OK
r-devel-linux-x86_64-fedora-gcc 0.0-86 164.48 OK
r-devel-windows-ix86+x86_64 0.0-86 69.00 110.00 179.00 OK
r-patched-linux-x86_64 0.0-86 32.87 82.46 115.33 OK
r-patched-solaris-x86 0.0-86 213.90 OK
r-release-linux-x86_64 0.0-86 38.02 78.72 116.74 OK
r-release-windows-ix86+x86_64 0.0-86 60.00 80.00 140.00 OK
r-release-osx-x86_64 0.0-86 ERROR
r-oldrel-windows-ix86+x86_64 0.0-86 14.00 112.00 126.00 OK
r-oldrel-osx-x86_64 0.0-86 ERROR

Check Details

Version: 0.0-86
Check: whether package can be installed
Result: ERROR
    Installation failed.
Flavor: r-devel-linux-x86_64-debian-clang

Version: 0.0-86
Check: package dependencies
Result: ERROR
    Packages required but not available: ‘RGtk2’ ‘cairoDevice’
    
    Package which this enhances but not available for checking: ‘RGtk2Extras’
    
    See section ‘The DESCRIPTION file’ in the ‘Writing R Extensions’
    manual.
Flavors: r-release-osx-x86_64, r-oldrel-osx-x86_64