Last updated on 2019-04-13 01:58:02 CEST.
Flavor | Version | Tinstall | Tcheck | Ttotal | Status | Flags |
---|---|---|---|---|---|---|
r-devel-linux-x86_64-debian-clang | 0.9.6 | 21.55 | 103.59 | 125.14 | OK | |
r-devel-linux-x86_64-debian-gcc | 0.9.6 | 16.51 | 81.48 | 97.99 | OK | |
r-devel-linux-x86_64-fedora-clang | 0.9.6 | 153.14 | OK | |||
r-devel-linux-x86_64-fedora-gcc | 0.9.6 | 144.41 | OK | |||
r-devel-windows-ix86+x86_64 | 0.9.6 | 62.00 | 162.00 | 224.00 | OK | |
r-patched-linux-x86_64 | 0.9.6 | 20.25 | 100.13 | 120.38 | OK | |
r-patched-solaris-x86 | 0.9.6 | 203.40 | OK | |||
r-release-linux-x86_64 | 0.9.6 | 17.90 | 104.25 | 122.15 | OK | |
r-release-windows-ix86+x86_64 | 0.9.6 | 48.00 | 236.00 | 284.00 | OK | |
r-release-osx-x86_64 | 0.9.6 | NOTE | ||||
r-oldrel-windows-ix86+x86_64 | 0.9.6 | 33.00 | 170.00 | 203.00 | OK | |
r-oldrel-osx-x86_64 | 0.9.6 | NOTE |
Version: 0.9.6
Check: package dependencies
Result: NOTE
Package which this enhances but not available for checking: ‘doMPI’
Flavors: r-release-osx-x86_64, r-oldrel-osx-x86_64