CRAN Package Check Results for Package gdm

Last updated on 2019-04-13 01:58:02 CEST.

Flavor Version Tinstall Tcheck Ttotal Status Flags
r-devel-linux-x86_64-debian-clang 1.3.11 23.04 139.64 162.68 OK
r-devel-linux-x86_64-debian-gcc 1.3.11 16.85 109.75 126.60 WARN
r-devel-linux-x86_64-fedora-clang 1.3.11 193.54 OK
r-devel-linux-x86_64-fedora-gcc 1.3.11 184.89 WARN
r-devel-windows-ix86+x86_64 1.3.11 79.00 261.00 340.00 NOTE
r-patched-linux-x86_64 1.3.11 20.22 139.65 159.87 WARN
r-patched-solaris-x86 1.3.11 268.50 OK
r-release-linux-x86_64 1.3.11 17.45 138.58 156.03 WARN
r-release-windows-ix86+x86_64 1.3.11 63.00 275.00 338.00 NOTE
r-release-osx-x86_64 1.3.11 OK
r-oldrel-windows-ix86+x86_64 1.3.11 49.00 202.00 251.00 NOTE
r-oldrel-osx-x86_64 1.3.11 OK

Check Details

Version: 1.3.11
Check: whether package can be installed
Result: WARN
    Found the following significant warnings:
     Gdmlib.cpp:2352:19: warning: ‘%lf’ directive writing between 3 and 317 bytes into a region of size between 0 and 1023 [-Wformat-overflow=]
Flavors: r-devel-linux-x86_64-debian-gcc, r-devel-linux-x86_64-fedora-gcc, r-patched-linux-x86_64, r-release-linux-x86_64

Version: 1.3.11
Check: installed package size
Result: NOTE
     installed size is 6.0Mb
     sub-directories of 1Mb or more:
     doc 1.1Mb
     extdata 3.0Mb
     libs 1.4Mb
Flavors: r-devel-windows-ix86+x86_64, r-release-windows-ix86+x86_64, r-oldrel-windows-ix86+x86_64