CRAN Package Check Results for Package genBart

Last updated on 2019-04-13 01:58:02 CEST.

Flavor Version Tinstall Tcheck Ttotal Status Flags
r-devel-linux-x86_64-debian-clang 1.0.1 123.58 386.52 510.10 OK
r-devel-linux-x86_64-debian-gcc 1.0.1 116.27 287.53 403.80 OK
r-devel-linux-x86_64-fedora-clang 1.0.1 670.14 NOTE
r-devel-linux-x86_64-fedora-gcc 1.0.1 640.66 NOTE
r-devel-windows-ix86+x86_64 1.0.1 215.00 370.00 585.00 OK
r-patched-linux-x86_64 1.0.1 127.37 371.21 498.58 OK
r-patched-solaris-x86 1.0.1 1143.00 NOTE
r-release-linux-x86_64 1.0.1 127.70 352.55 480.25 OK
r-release-windows-ix86+x86_64 1.0.1 201.00 469.00 670.00 OK
r-release-osx-x86_64 1.0.1 NOTE
r-oldrel-windows-ix86+x86_64 1.0.1 170.00 368.00 538.00 OK
r-oldrel-osx-x86_64 1.0.1 NOTE

Check Details

Version: 1.0.1
Check: dependencies in R code
Result: NOTE
    Namespaces in Imports field not imported from:
     ‘NMF’ ‘RColorBrewer’ ‘VennDiagram’ ‘clValid’ ‘data.table’ ‘grid’
     ‘gtools’ ‘pca3d’ ‘rmarkdown’ ‘scales’ ‘shinydashboard’ ‘shinyjs’
     ‘statmod’ ‘stringr’
     All declared Imports should be used.
Flavors: r-devel-linux-x86_64-fedora-clang, r-devel-linux-x86_64-fedora-gcc, r-patched-solaris-x86, r-release-osx-x86_64, r-oldrel-osx-x86_64