Last updated on 2019-04-13 01:58:02 CEST.
Flavor | Version | Tinstall | Tcheck | Ttotal | Status | Flags |
---|---|---|---|---|---|---|
r-devel-linux-x86_64-debian-clang | 1.0.11 | 4.13 | 38.51 | 42.64 | OK | |
r-devel-linux-x86_64-debian-gcc | 1.0.11 | 3.98 | 30.36 | 34.34 | OK | |
r-devel-linux-x86_64-fedora-clang | 1.0.11 | 51.14 | OK | |||
r-devel-linux-x86_64-fedora-gcc | 1.0.11 | 48.38 | OK | |||
r-devel-windows-ix86+x86_64 | 1.0.11 | 11.00 | 108.00 | 119.00 | OK | |
r-patched-linux-x86_64 | 1.0.11 | 3.90 | 37.51 | 41.41 | OK | |
r-patched-solaris-x86 | 1.0.11 | 81.00 | OK | |||
r-release-linux-x86_64 | 1.0.11 | 2.85 | 36.64 | 39.49 | OK | |
r-release-windows-ix86+x86_64 | 1.0.11 | 9.00 | 89.00 | 98.00 | OK | |
r-release-osx-x86_64 | 1.0.11 | OK | ||||
r-oldrel-windows-ix86+x86_64 | 1.0.11 | 6.00 | 56.00 | 62.00 | OK | |
r-oldrel-osx-x86_64 | 1.0.1 | ERROR |
Version: 1.0.1
Check: whether package can be installed
Result: ERROR
Installation failed.
Flavor: r-oldrel-osx-x86_64